{"id":142,"date":"2021-02-19T15:18:47","date_gmt":"2021-02-19T14:18:47","guid":{"rendered":"http:\/\/baudouinpadel.be\/?page_id=142"},"modified":"2021-05-15T16:46:52","modified_gmt":"2021-05-15T14:46:52","slug":"terrains-4-et-5","status":"publish","type":"page","link":"https:\/\/baudouinpadel.be\/?page_id=142","title":{"rendered":"Terrains 4 et 5"},"content":{"rendered":"\n<p>Actuellement, notre club dispose de 3 terrains de Padel. Une demande de permis a \u00e9t\u00e9 introduite \u00e0 la commune de Dilbeek fin janvier 2021.<\/p>\n\n\n\n<p>Vous trouverez ci-dessous une partie des plans relatifs \u00e0 cette demande. Le parking sera en effet d\u00e9plac\u00e9, juste \u00e0 c\u00f4t\u00e9 pour acceuillir le m\u00eame nombre de places. Les 2 nouveaux terrains seront align\u00e9s aux 3 existants.<\/p>\n\n\n\n<figure class=\"wp-block-image size-large\"><img loading=\"lazy\" decoding=\"async\" width=\"1024\" height=\"752\" src=\"http:\/\/baudouinpadel.be\/wp-content\/uploads\/2021\/02\/image-2-1024x752.png\" alt=\"\" class=\"wp-image-143\" srcset=\"https:\/\/baudouinpadel.be\/wp-content\/uploads\/2021\/02\/image-2-1024x752.png 1024w, https:\/\/baudouinpadel.be\/wp-content\/uploads\/2021\/02\/image-2-300x220.png 300w, https:\/\/baudouinpadel.be\/wp-content\/uploads\/2021\/02\/image-2-768x564.png 768w, https:\/\/baudouinpadel.be\/wp-content\/uploads\/2021\/02\/image-2.png 1052w\" sizes=\"(max-width: 767px) 89vw, (max-width: 1000px) 54vw, (max-width: 1071px) 543px, 580px\" \/><\/figure>\n\n\n\n<p>Malheureusement, nous avons re\u00e7u un avis n\u00e9gatif par rapport \u00e0 cette demander. Le parking ne pouvant \u00eatre d\u00e9plac\u00e9 \u00e0 l&rsquo;endroit que nous avions envisag\u00e9. Il n&rsquo;est donc pas possible de mettre les 2 terrains suppl\u00e9mentaires. <br>Nous allons analyser les autres options pour pouvoir grandir et accueillir les nouveaux members.<\/p>\n","protected":false},"excerpt":{"rendered":"<p>Actuellement, notre club dispose de 3 terrains de Padel. Une demande de permis a \u00e9t\u00e9 introduite \u00e0 la commune de Dilbeek fin janvier 2021. Vous trouverez ci-dessous une partie des plans relatifs \u00e0 cette demande. Le parking sera en effet d\u00e9plac\u00e9, juste \u00e0 c\u00f4t\u00e9 pour acceuillir le m\u00eame nombre de places. Les 2 nouveaux terrains &hellip; <\/p>\n<p class=\"link-more\"><a href=\"https:\/\/baudouinpadel.be\/?page_id=142\" class=\"more-link\">Continuer la lecture<span class=\"screen-reader-text\"> de &laquo;&nbsp;Terrains 4 et 5&nbsp;&raquo;<\/span><\/a><\/p>\n","protected":false},"author":2,"featured_media":0,"parent":0,"menu_order":0,"comment_status":"closed","ping_status":"closed","template":"","meta":{"footnotes":""},"_links":{"self":[{"href":"https:\/\/baudouinpadel.be\/index.php?rest_route=\/wp\/v2\/pages\/142"}],"collection":[{"href":"https:\/\/baudouinpadel.be\/index.php?rest_route=\/wp\/v2\/pages"}],"about":[{"href":"https:\/\/baudouinpadel.be\/index.php?rest_route=\/wp\/v2\/types\/page"}],"author":[{"embeddable":true,"href":"https:\/\/baudouinpadel.be\/index.php?rest_route=\/wp\/v2\/users\/2"}],"replies":[{"embeddable":true,"href":"https:\/\/baudouinpadel.be\/index.php?rest_route=%2Fwp%2Fv2%2Fcomments&post=142"}],"version-history":[{"count":7,"href":"https:\/\/baudouinpadel.be\/index.php?rest_route=\/wp\/v2\/pages\/142\/revisions"}],"predecessor-version":[{"id":489,"href":"https:\/\/baudouinpadel.be\/index.php?rest_route=\/wp\/v2\/pages\/142\/revisions\/489"}],"wp:attachment":[{"href":"https:\/\/baudouinpadel.be\/index.php?rest_route=%2Fwp%2Fv2%2Fmedia&parent=142"}],"curies":[{"name":"wp","href":"https:\/\/api.w.org\/{rel}","templated":true}]}}