{"id":107,"date":"2021-02-18T08:49:14","date_gmt":"2021-02-18T07:49:14","guid":{"rendered":"http:\/\/baudouinpadel.be\/?page_id=107"},"modified":"2021-02-20T19:50:54","modified_gmt":"2021-02-20T18:50:54","slug":"reserver","status":"publish","type":"page","link":"https:\/\/baudouinpadel.be\/?page_id=107","title":{"rendered":"Nos r\u00e8gles"},"content":{"rendered":"\n<p><strong>Horraires<\/strong><\/p>\n\n\n\n<p>Les 3 terrains sont disponibles tous les jours de 8:00 \u00e0 22:30 suivant la grille<\/p>\n\n\n\n<figure class=\"wp-block-image size-large\"><img loading=\"lazy\" decoding=\"async\" width=\"807\" height=\"653\" src=\"http:\/\/baudouinpadel.be\/wp-content\/uploads\/2021\/02\/image-1.png\" alt=\"\" class=\"wp-image-117\" srcset=\"https:\/\/baudouinpadel.be\/wp-content\/uploads\/2021\/02\/image-1.png 807w, https:\/\/baudouinpadel.be\/wp-content\/uploads\/2021\/02\/image-1-300x243.png 300w, https:\/\/baudouinpadel.be\/wp-content\/uploads\/2021\/02\/image-1-768x621.png 768w\" sizes=\"(max-width: 767px) 89vw, (max-width: 1000px) 54vw, (max-width: 1071px) 543px, 580px\" \/><\/figure>\n\n\n\n<p><strong>Qui peut r\u00e9server quand?<\/strong><\/p>\n\n\n\n<ul><li>Les membres ayant une cotisation &lsquo;Semaine&rsquo;, ne peuvent r\u00e9server que pendant les heures creuses de la semaine. Donc du lundi au vendredi de 8.00 \u00e0 16.30<\/li><li>Toutes les autres personnes (membre ou non-membre) peuvent r\u00e9server \u00e0 n&rsquo;importe quel moment.<\/li><\/ul>\n\n\n\n<p><strong>R\u00e9server combien de temps \u00e0 l&rsquo;avance?<\/strong><\/p>\n\n\n\n<ul><li>Les membres peuvent r\u00e9server au maximum 7 jours \u00e0 l&rsquo;avance.<\/li><li>Les non-membres ne peuvent r\u00e9server que 24 heures \u00e0 l&rsquo;avance.<\/li><\/ul>\n\n\n\n<p><strong>Plusieurs r\u00e9servations ouvertes en m\u00eame temps<\/strong><\/p>\n\n\n\n<p>Vous pouvez avoir simultan\u00e9ment 1 r\u00e9servation en heures creuses (semaine de 8.30 \u00e0 16.30) et 1 r\u00e9servation aux heures pleines (le soir en semaine et le matin des weekends).<\/p>\n\n\n\n<p><strong>Quel est le prix de la r\u00e9servation?<\/strong><\/p>\n\n\n\n<ul><li>Les r\u00e9servations sont gratuites pour les membres.<\/li><li>Pour les non-membres, le prix par personne est de :<ul><li>5\u20ac par heure pour un terrain en semaine entre 8.00 et 16.30<\/li><li>6\u20ac par heure pendant les heures pleines (le soir en semaine et le matin des weekends).<\/li><\/ul><\/li><\/ul>\n\n\n\n<p><em>Petit exemple pour une r\u00e9servation en semaine durant la journ\u00e9e d\u2019un terrain pour 1h30.<\/em><\/p>\n\n\n\n<ul><li><em>Si les 4 personnes ne sont pas membres, chaque personne devra payer 7,5\u20ac. Donc un total de 30\u20ac \u00e0 r\u00e9partir entre les 4 personnes.<\/em><\/li><li><em>Si 3 des 4 personnes sont membres, seulement la personne qui n\u2019est pas membre devra payer 7,5\u20ac. Le total de la r\u00e9servation sera donc de 7,5\u20ac<\/em><\/li><\/ul>\n\n\n\n<p>La personne qui effectue la r\u00e9servation,  devra faire le paiement en ligne.<\/p>\n","protected":false},"excerpt":{"rendered":"<p>Horraires Les 3 terrains sont disponibles tous les jours de 8:00 \u00e0 22:30 suivant la grille Qui peut r\u00e9server quand? Les membres ayant une cotisation &lsquo;Semaine&rsquo;, ne peuvent r\u00e9server que pendant les heures creuses de la semaine. Donc du lundi au vendredi de 8.00 \u00e0 16.30 Toutes les autres personnes (membre ou non-membre) peuvent r\u00e9server &hellip; <\/p>\n<p class=\"link-more\"><a href=\"https:\/\/baudouinpadel.be\/?page_id=107\" class=\"more-link\">Continuer la lecture<span class=\"screen-reader-text\"> de &laquo;&nbsp;Nos r\u00e8gles&nbsp;&raquo;<\/span><\/a><\/p>\n","protected":false},"author":2,"featured_media":0,"parent":0,"menu_order":0,"comment_status":"closed","ping_status":"closed","template":"","meta":{"footnotes":""},"_links":{"self":[{"href":"https:\/\/baudouinpadel.be\/index.php?rest_route=\/wp\/v2\/pages\/107"}],"collection":[{"href":"https:\/\/baudouinpadel.be\/index.php?rest_route=\/wp\/v2\/pages"}],"about":[{"href":"https:\/\/baudouinpadel.be\/index.php?rest_route=\/wp\/v2\/types\/page"}],"author":[{"embeddable":true,"href":"https:\/\/baudouinpadel.be\/index.php?rest_route=\/wp\/v2\/users\/2"}],"replies":[{"embeddable":true,"href":"https:\/\/baudouinpadel.be\/index.php?rest_route=%2Fwp%2Fv2%2Fcomments&post=107"}],"version-history":[{"count":9,"href":"https:\/\/baudouinpadel.be\/index.php?rest_route=\/wp\/v2\/pages\/107\/revisions"}],"predecessor-version":[{"id":251,"href":"https:\/\/baudouinpadel.be\/index.php?rest_route=\/wp\/v2\/pages\/107\/revisions\/251"}],"wp:attachment":[{"href":"https:\/\/baudouinpadel.be\/index.php?rest_route=%2Fwp%2Fv2%2Fmedia&parent=107"}],"curies":[{"name":"wp","href":"https:\/\/api.w.org\/{rel}","templated":true}]}}